t t(v) = -1341*v + 133961. Calculate t(100).
-139
Let d(v) = -25*v**2 + 27*v - 268. What is d(6)?
-1006
Let q(m) = -23001*m + 988799. What is q(43)?
-244
Let t(f) = 47612*f + 809411. Give t(-17).
7
Let r(o) = 94*o + 5036. What is r(-69)?
-1450
Let k(r) = 2*r**2 - 802*r + 39203. Calculate k(57).
-13
Let j(s) = 4*s**3 + 586*s**2 + 873*s + 279. Determine j(-145).
-156
Let z(s) = -155992*s - 311991. Determine z(-2).
-7
Let g(k) = -k**2 - 12878*k + 374331. What is g(29)?
28
Let n(t) = -597*t + 963. Determine n(1).
366
Let w(c) = -4*c**3 - 91*c**2 - 142*c - 2. Determine w(-21).
-107
Let t(a) = -1475*a + 4603. Determine t(4).
-1297
Let a(w) = -5*w**2 + 8*w + 873. Give a(-23).
-1956
Let y(i) = -153984*i + 6005382. Determine y(39).
6
Let h(a) = -56*a**3 - 3*a**2 + 70*a - 65. Give h(1).
-54
Let c(m) = 43*m**2 + 7745*m + 839. Determine c(-180).
-61
Let g(c) = -1662*c - 407197. Calculate g(-245).
-7
Let d(y) = 188*y - 2597. Determine d(17).
599
Let i(k) = 36847*k + 405134. Give i(-11).
-183
Let g(n) = -18*n**3 - 235*n - 478. Determine g(-2).
136
Let l(j) = 2*j**3 + 63*j**2 + 49*j - 80. Determine l(-28).
4036
Let a(h) = -5*h**2 - 95*h + 2684. Calculate a(15).
134
Let l(k) = -47*k**2 - 808*k + 7963. Determine l(7).
4
Let u(m) = 670*m - 40210. Calculate u(60).
-10
Let z(w) = 2988*w + 77624. Determine z(-26).
-64
Let y(c) = 147*c - 44613. Give y(301).
-366
Let m(j) = j**3 - 33*j**2 + 47*j - 692. Determine m(32).
-212
Let w(f) = -f**2 - 2102*f + 236346. Determine w(107).
-17
Let z(x) = -286*x - 3105. What is z(-13)?
613
Let r(o) = 31894*o + 191438. Give r(-6).
74
Let j(z) = -116266*z + 1278954. Determine j(11).
28
Let k(b) = 25*b**2 + 15*b + 22. What is k(-3)?
202
Let i(y) = -y**2 + 278*y - 15562. Determine i(105).
2603
Let d(a) = 3312*a + 31479. Calculate d(-10).
-1641
Let o(u) = 2*u**2 + 1545*u - 15549. What is o(10)?
101
Let w(z) = z**2 - 11815*z + 611732. Calculate w(52).
56
Let i(h) = 8923*h + 196369. Give i(-22).
63
Let m(w) = -w**3 - 115*w**2 - 597*w - 478. Determine m(-110).
4692
Let x(p) = -p**3 + 73*p**2 + 246*p - 12. What is x(-3)?
-66
Let i(w) = 135*w**3 - 47249*w**2 - 343*w - 2232. Determine i(350).
218
Let s(c) = -5*c**2 + 781*c - 18447. What is s(29)?
-3
Let o(n) = 84390*n + 1603459. Give o(-19).
49
Let k(j) = -j**2 + 414*j - 11690. What is k(30)?
-170
Let k(h) = 29045*h - 348529. Calculate k(12).
11
Let d(h) = -15*h**3 - 2781*h**2 - 2*h - 4. Give d(0).
-4
Let y(b) = -b**2 - 537*b + 14651. Calculate y(26).
13
Let l(o) = o**3 - 8*o**2 + 12885*o - 116099. Give l(9).
-53
Let r(h) = -3*h**3 - 86*h**2 - 64. Give r(0).
-64
Let g(a) = -a**3 - 9059*a**2 + 27186*a - 1. What is g(3)?
-1
Let m(d) = 3063*d - 73734. Give m(24).
-222
Let a(l) = 4246*l + 178320. What is a(-42)?
-12
Let v(n) = 3*n**2 - 18016*n - 2223860. Determine v(-121).
-1
Let y(t) = 6991*t + 838569. Give y(-120).
-351
Let m(d) = -660*d - 36105. Give m(-57).
1515
Let w(h) = h**3 - 55*h**2 + 535*h - 16062. Determine w(51).
819
Let s(y) = -3452*y + 28714. Give s(8).
1098
Let v(m) = m**3 + 761*m**2 - 200379*m + 601. Give v(207).
-20
Let l(s) = 66815*s + 400883. Determine l(-6).
-7
Let a(r) = -2*r**3 - 10*r**2 - 1001*r - 4021. Determine a(-4).
-49
Let y(a) = a**3 - 31*a**2 - 215*a + 1056. Calculate y(34).
-2786
Let a(i) = -32*i**3 + 902*i**2 - 127*i - 1141. Give a(28).
7
Let k(b) = b**3 - 6*b**2 - 616*b + 3545. Calculate k(25).
20
Let i(g) = -4*g**3 + g**2 - 30*g - 383. Determine i(10).
-4583
Let r(b) = -7*b**2 - 28584*b + 114390. What is r(4)?
-58
Let t(c) = 497*c + 13419. Determine t(-27).
0
Let t(k) = 3*k**2 - 77*k - 1643. Determine t(39).
-83
Let w(p) = 27*p**2 + 4382*p - 597. Determine w(-162).
-1893
Let a(p) = -101*p**2 + 1651*p - 507. Give a(16).
53
Let b(z) = 2*z**2 + 6924*z - 8425722. What is b(954)?
6
Let u(v) = 54*v**2 + 1438*v - 7211. Calculate u(5).
1329
Let q(w) = w**3 + 101*w**2 - 737*w + 1940. What is q(-108)?
-112
Let g(a) = 14*a**3 + 8*a**2 - 327*a - 697. Determine g(-2).
-123
Let l(c) = -7*c**2 + 206*c + 2453. What is l(-22)?
-5467
Let o(l) = -9912*l + 39693. Determine o(4).
45
Let t(g) = -7684*g - 184399. Give t(-24).
17
Let l(i) = 165*i - 24464. Determine l(148).
-44
Let c(h) = -h**3 + 35*h**2 - 319*h + 130. What is c(15)?
-155
Let b(o) = o**3 + 201*o**2 + 367*o - 6248. Determine b(-199).
-79
Let c(p) = 2678*p**2 - 21444*p + 142. Determine c(8).
-18
Let y(b) = 69*b**2 + 1194*b + 291. Determine y(-17).
-66
Let q(l) = -l**3 - 22*l**2 - 109*l - 69. What is q(-15)?
-9
Let f(s) = -1843*s + 10111. Determine f(6).
-947
Let x(w) = w**3 + 11*w**2 - 54*w + 65. Determine x(-16).
-351
Let u(n) = -181279*n - 4531972. What is u(-25)?
3
Let k(p) = 51*p**2 - 1742*p + 3525. What is k(32)?
5
Let q(s) = -s**3 + 14*s**2 - 28*s + 769. Calculate q(19).
-1568
Let u(b) = -b**2 - 452*b - 50639. Determine u(-202).
-139
Let b(o) = o**3 - 42*o**2 + 428*o - 3. Calculate b(23).
-210
Let o(m) = 306*m + 81387. Give o(-266).
-9
Let c(n) = 678*n**2 - 40013*n + 32. Calculate c(59).
-617
Let i(y) = 12*y**3 - 5*y**2 - 1060*y + 2129. Give i(2).
85
Let i(j) = 30157*j + 512848. Give i(-17).
179
Let r(k) = k**3 + 23*k**2 - 87*k - 3081. Determine r(-19).
16
Let w(o) = 5845*o + 58507. Determine w(-10).
57
Let u(b) = -328*b - 7577. Determine u(-23).
-33
Let u(s) = -85*s + 479. Determine u(-48).
4559
Let i(u) = 617*u - 17178. Calculate i(29).
715
Let w(t) = 14*t + 526. Give w(-36).
22
Let f(g) = g**3 + 64*g**2 + 159*g - 13770. Give f(-57).
-90
Let d(j) = -2*j**3 + 9*j**2 - 66*j + 395. What is d(8)?
-581
Let h(y) = 25319*y + 253193. Determine h(-10).
3
Let o(u) = -9529*u - 676550. Give o(-71).
9
Let i(g) = g**2 + 261*g - 1062. Give i(4).
-2
Let o(w) = w**2 - 152*w + 3200. Determine o(125).
-175
Let w(q) = -49*q**3 + 8*q**2 + 417*q + 1235. Give w(-3).
1379
Let k(j) = -1480*j - 66580. Give k(-45).
20
Let u(i) = 2*i**2 + 118*i + 626. Give u(-48).
-430
Let w(x) = 227*x**2 - 3414*x + 63. Give w(15).
-72
Let j(a) = -947472*a + 40741295. What is j(43)?
-1
Let l(x) = -2*x**2 + 110*x - 1430. Give l(22).
22
Let y(u) = 18*u**3 + 12*u**2 - 199*u - 1008. Give y(-5).
-1963
Let i(u) = 728*u**2 + 141*u - 3. What is i(0)?
-3
Let j(d) = 330*d**2 + 2656*d + 10. What is j(-8)?
-118
Let l(r) = -2*r**3 + 1501*r**2 + 10625*r + 165. Determine l(-7).
25
Let t(h) = h**2 + 582*h + 84157. Determine t(-313).
-40
Let l(n) = 85*n**2 + 2795*n - 79. What is l(-33)?
251
Let r(i) = -1814*i - 16250. Calculate r(-9).
76
Let i(c) = 2*c**2 + 179051*c + 895204. Determine i(-5).
-1
Let m(v) = -7*v**2 - 375*v + 2583. What is m(7)?
-385
Let d(s) = 2601*s + 68068. What is d(-26)?
442
Let v(i) = 2829*i + 158526. Give v(-56).
102
Let a(q) = q**3 - 145*q**2 - 728*q - 3238. What is a(150)?
62
Let u(f) = -41*f**2 + 8455*f + 23735. Give u(209).
-91
Let c(g) = g**3 + 45*g**2 - 361*g - 20382. Give c(-42).
72
Let o(i) = i**3 - 4*i**2 - 502*i - 1960. What is o(-18)?
-52
Let g(l) = 2*l**2 - 2304*l - 27641. Give g(-12).
295
Let n(w) = -31765*w - 444648. Determine n(-14).
62
Let l(q) = -q**3 + 25*q**2 - 47*q + 220. What is l(23)?
197
Let r(q) = -q**2 + 531*q - 51018. Give r(126).
12
Let k(q) = -q**2 - 129*q - 3728. Calculate k(-40).
-168
Let o(z) = -3*z**3 - 3*z**2 + 403*z - 3253. Determine o(8).
-1757
Let h(s) = 6*s**2 - 176*s + 439. What is h(20)?
-681
Let k(o) = -o**3 - 90*o**2 - 659*o - 488. Calculate k(-82).
-242
Let t(q) = 5*q**2 + 612*q + 3950. Determine t(-116).
238
Let r(p) = 86*p**2 - 100*p + 304. Determine r(4).
1280
Let f(a) = -13*a**2 - 353*a + 1999. Determine f(-32).
-17
Let i(o) = 83158*o - 332591. Give i(4).
41
Let l(n) = -5638*n - 885107. Give l(-157).
59
Let z(i) = -49535*i + 3913246. Give z(79).
-19
Let q(r) = -98*r**2 + 22930*r + 519. Give q(234).
51
Let w(d) = 2*d**3 + 15*d**2 - 17*d - 68. Calculate w(-2).
10
Let r(h) = h**3 - 112*h**2 + 194*h + 156. Determine r(110).
-2704
Let q(h) = 4831*h - 33706. Calculate q(7).
111
Let y(d) = d**3 - 39*d**2 + 1042*d - 29635. Determine y(34).
13
Let z(a) = 474*a - 60228. What is z(127)?
-30
Let t(x) = -x**3 - 32*x**2 - 247*x - 913. What is t(-23)?
7
Let l(k) = -211*k - 10081. Determine l(-26).
-4595
Let q(k) = -1418*k**2 - 14142*k + 379. Give q(-10).
-1
Let n(q) = -150*q**2 + 439*q + 1776. What is n(-4)?
-2380
Let p(m) = -2*m**3 - 153*m**2 + 609*m + 39. Calculate p(4).
-101
Let v(m) = 7*m**2 - 284*m - 595. Give v